
-48f1
What is -2142 (base 9) in base 6?
-11145
467 (base 12) to base 13
3b5
Convert 3826 (base 13) to base 11.
5aa0
-73c (base 13) to base 9
-1621
-11000000100001 (base 2) to base 14
-46c1
What is 612b (base 12) in base 7?
42515
-2131 (base 7) to base 14
-3c1
2001 (base 4) to base 14
93
What is 1110001110 (base 2) in base 15?
40a
475d (base 15) to base 9
22717
-6985 (base 13) to base 14
-5580
Convert -5321 (base 6) to base 5.
-14301
-6363 (base 9) to base 10
-4674
-3a49 (base 14) to base 3
-112001220
What is 1264 (base 7) in base 6?
2131
3fd (base 16) to base 3
1101211
What is 30105 (base 6) in base 16?
f59
What is -da81 (base 14) in base 5?
-2201440
23221 (base 5) to base 13
9c9
4a2 (base 16) to base 14
60a
What is -507 (base 14) in base 3?
-1100120
1247 (base 8) to base 9
834
-7a0 (base 13) to base 14
-69b
-254 (base 14) to base 9
-567
What is 302335 (base 6) in base 12?
119ab
What is -23655 (base 11) in base 14?
-c5ad
Convert -34410 (base 7) to base 11.
-6660
-364 (base 16) to base 14
-460
10130 (base 6) to base 3
1212000
What is 20000 (base 4) in base 14?
288
What is -11102200 (base 3) in base 15?
-e56
79b (base 14) to base 6
10553
What is -10323322 (base 4) in base 8?
-47372
-1216 (base 7) to base 3
-121211
Convert 6a1b (base 13) to base 5.
434041
Convert 23314 (base 7) to base 12.
3571
18124 (base 14) to base 7
341444
What is -296 (base 13) in base 8?
-715
Convert 21065 (base 8) to base 3.
110000100
What is 120245 (base 7) in base 4?
11103230
10221012 (base 3) to base 6
21135
What is 2022220 (base 3) in base 14?
894
What is -118 (base 15) in base 11?
-206
Convert 1a61 (base 12) to base 7.
12310
-788 (base 14) to base 4
-113110
What is 92 (base 10) in base 7?
161
Convert 23bb (base 15) to base 12.
4495
What is 3305 (base 11) in base 8?
10411
Convert -1415 (base 7) to base 15.
-26b
Convert 13036 (base 8) to base 5.
140122
1a60 (base 16) to base 2
1101001100000
Convert 12451 (base 9) to base 7.
33313
What is -11120020 (base 3) in base 12?
-1b13
Convert 5257 (base 9) to base 16.
f13
2b5b (base 14) to base 2
1111000101101
What is -9b0 (base 16) in base 11?
-1955
What is -2aa0 (base 12) in base 13?
-238b
What is -77342 (base 10) in base 6?
-1354022
What is 20504 (base 6) in base 14?
1024
Convert -1212 (base 3) to base 6.
-122
Convert -1100 (base 5) to base 7.
-303
Convert 13231302 (base 4) to base 7.
161064
11040 (base 5) to base 11
640
What is 977 (base 11) in base 3?
1121110
What is -101101001 (base 2) in base 15?
-191
Convert 807 (base 9) to base 15.
2da
What is 3163 (base 11) in base 4?
1001113
Convert 12020111 (base 3) to base 11.
2963
What is 101113 (base 4) in base 15?
4e1
-428 (base 10) to base 15
-1d8
What is 1174 (base 8) in base 3?
212120
What is -4455 (base 6) in base 7?
-3020
29479 (base 11) to base 6
521355
Convert 201320 (base 5) to base 9.
8767
What is -106e (base 15) in base 12?
-201b
What is 1034 (base 14) in base 2?
101011100110
What is 3443 (base 16) in base 2?
11010001000011
Convert 1524 (base 10) to base 9.
2073
-1100111110 (base 2) to base 10
-830
-1b7 (base 13) to base 9
-384
Convert -33231 (base 4) to base 3.
-1101020
Convert -11322 (base 4) to base 14.
-1d0
1404314 (base 5) to base 16
7025
What is 10155 (base 8) in base 7?
15155
What is -253 (base 7) in base 5?
-1021
Convert -612 (base 9) to base 14.
-277
Convert 61705 (base 8) to base 6.
314125
36bd (base 15) to base 4
2312011
Convert -122011 (base 4) to base 8.
-3205
aa9 (base 16) to base 14
dcd
Convert -c347 (base 13) to base 6.
-324402
What is -1724 (base 10) in base 11?
-1328
-26 (base 8) to base 2
-10110
Convert -1090 (base 14) to base 15.
-cb5
Convert cb2 (base 15) to base 11.
2177
What is 3152 (base 10) in base 6?
22332
4cd (base 14) to base 7
2546
-10011311 (base 4) to base 8
-40565
4301 (base 6) to base 11
805
What is 14654 (base 8) in base 2?
1100110101100
What is -10110 (base 2) in base 11?
-20
Convert -4466 (base 9) to base 11.
-2530
Convert 7a48 (base 11) to base 5.
314304
Convert -87 (base 11) to base 13.
-74
Convert 3166 (base 7) to base 5.
14001
-100111110011101 (base 2) to base 10
-20381
Convert -4b7 (base 16) to base 3.
-1122201
-33321 (base 4) to base 16
-3f9
What is 530 (base 13) in base 10?
884
Convert 1022 (base 10) to base 8.
1776
What is 92 (base 13) in base 5?
434
Convert -2002 (base 6) to base 16.
-1b2
What is -9e9 (base 15) in base 10?
-2244
What is -275 (base 8) in base 13?
-117
Convert -53 (base 13) to base 5.
-233
Convert 776 (base 9) to base 8.
1174
18625 (base 14) to base 6
1153025
1a93 (base 12) to base 13
1653
Convert -101011111010101 (base 2) to base 8.
-53725
What is -137a8 (base 13) in base 9?
-55025
What is -100222 (base 3) in base 10?
-269
-1252 (base 7) to base 16
-1de
What is -101212 (base 3) in base 4?
-10211
Convert -333212 (base 4) to base 14.
-16aa
What is -55215 (base 7) in base 5?
-420310
8020 (base 10) to base 8
17524
1012502 (base 6) to base 8
136666
What is 2013231 (base 4) in base 12?
5039
What is 244 (base 12) in base 15?
17a
What is 1b00 (base 15) in base 6?
43030
Convert -40a0 (base 14) to base 5.
-323431
What is 8125 (base 9) in base 8?
13460
Convert -4293 (base 14) to base 2.
-10110011101001
Convert 1101 (base 9) to base 8.
1453
What is 10001222211 (base 3) in base 9?
101884
-64c4 (base 15) to base 6
-242434
What is -7047 (base 12) in base 16?
-2f77
-10001000000010 (base 2) to base 5
-234311
de8 (base 15) to base 11
23a8
What is -14024 (base 5) in base 2?
-10001110011
What is -8371 (base 10) in base 15?
-2731
Convert -10311 (base 5) to base 15.
-321
Convert 9 (base 13) to base 5.
14
What is -8978 (base 13) in base 11?
-13471
Convert b96 (base 16) to base 7.
11435
-96 (base 15) to base 14
-a1
Convert -504 (base 16) to base 7.
-3513
What is -2176 (base 9) in base 4?
-121020
Convert -1422 (base 10) to base 12.
-9a6
Convert 1001100101010 (base 2) to base 7.
20206
Convert -1001000001 (base 2) to base 10.
-577
Convert 432523 (base 6) to base 9.
53766
Convert -3aab (base 15) to base 8.
-30370
Convert -1121 (base 6) to base 9.
-324
Convert -21111021 (base 3) to base 11.
-4115
-11020010 (base 3) to base 8
-6011
Convert -10011111001000 (base 2) to base 6.
-115052
-2321 (base 6) to base 9
-674
-3761 (base 8) to base 7
-5633
What is -9174 (base 10) in base 11?
-6990
Convert -1018 (base 14) to base 4.
-223032
Convert 27414 (base 8) to base 9.
17462
-cc42 (base 13) to base 4
-12330132
-617 (base 12) to base 6
-4031
What is -143150 (base 6) in base 5?
-414144
What is a82 (base 11) in base 13?
790
Convert -1102011 (base 3) to base 4.
-100012
-6182 (base 10) to base 6
-44342
-443 (base 8) to base 13
-195
What is 1669b (base 12) in base 11?
22120
What is -110102110 (base 3) in base 4?
-2031201
3825 (base 11) to base 8
11574
3310020 (base 4) to base 8
36410
49 (base 14) to base 2
1000001
What is -376 (base 12) in base 6?
-2230
10230302 (base 4) to base 12
b182
Convert -73 (base 9) to base 16.
-42
What is -202c (base 13) in base 8?
-10520
Convert 753c (base 13) to base 15.
4c50
-1100101011 (base 2) to base 12
-577
Convert 110100110111 (base 2) to base 16.
d37
Convert 491 (base 11) to base 12.
408
Convert -141 (base 6) to base 4.
-331
What is 12892 (base 10) in base 3?
122200111
Convert 23113 (base 4) to base 11.
601
10101001001001 (base 2) to base 14
3d33
What is -12130 (base 4) in base 12?
-2a4
Convert -b49 (base 14) to base 6.
-14141
b473 (base 14) to base 5
1443234
What is -19216 (base 11) in base 4?
-12203333
Convert -2b (base 16) to base 15.
-2d
Convert 266 (base 13) to base 10.
422
-221000202 (base 3) to base 10
-18245
Convert -1343 (base 8) to base 5.
-10424
What is -511 (base 8) in base 10?
-329
What is 97 (base 14) in base 11?
111
352 (base 14) to base 15
2e0
Convert 10111000001 (base 2) to base 14.
773
Convert -474 (base 8) to base 3.
-102201
What is 416 (base 7) in base 16?
d1
305 (base 13) to base 11
426
100a (base 13) to base 16
89f
What is 304 (base 12) in base 3?
121011
-144253 (base 7) to base 2
-110110100001111
Convert -20020301 (base 4) to base 14.
-c209
Convert 11040 (base 6) to base 12.
a80
Convert -185 (base 10) to base 6.
-505
What is 11000010110001 (base 2) in base 9?
18080
Convert 3550 (base 12) to base 15.
1b79
What is -1010111101011 (base 2) in base 11?
-4241
Convert 3d5 (base 14) to base 2.
11000001